se 4, what is -11 + -103023020131?
-103023020202
In base 10, what is -4 + 2235642?
2235638
In base 15, what is -664 + 14d0a?
14696
In base 13, what is 5 - -2b60cca3?
2b60cca8
In base 14, what is -10a2d83c - -1?
-10a2d83b
In base 11, what is 51a864 - 153?
51a711
In base 6, what is -545321414 - -4?
-545321410
In base 9, what is 11215 + 272510?
283725
In base 6, what is 31250502313 + 0?
31250502313
In base 15, what is 36 - -8703?
8739
In base 11, what is 3421 - 18496?
-15075
In base 11, what is -67a31858 + -4?
-67a31861
In base 11, what is -597a - 806?
-6685
In base 9, what is 55281 - 24?
55256
In base 12, what is -116a293 - -4?
-116a28b
In base 12, what is -5230 - -7255?
2025
In base 16, what is -706b6f8 - 0?
-706b6f8
In base 14, what is 2 - 516a28?
-516a26
In base 3, what is -101102200110202001 - 12?
-101102200110202020
In base 4, what is 10 - 1003102311?
-1003102301
In base 7, what is -2023 + -443512?
-445535
In base 10, what is -6891135 + -90?
-6891225
In base 13, what is 2166c56 - b?
2166c48
In base 11, what is 2a7a257 + 4?
2a7a260
In base 8, what is -756 - -2526404?
2525426
In base 6, what is 50 + -1252035231?
-1252035141
In base 15, what is -3b8 - -7a59?
7691
In base 6, what is 0 - -2300520231?
2300520231
In base 14, what is 12 - 45d683?
-45d671
In base 11, what is 3016a1 + -217?
301485
In base 13, what is 6ba296 - -b?
6ba2a4
In base 2, what is -11011011000 - 1010010101011110?
-1010110000110110
In base 6, what is -512 + 535032?
534120
In base 6, what is -3411 - 5511350?
-5515201
In base 2, what is -1001000000 - -11011010010?
10010010010
In base 14, what is 1 - 42d09d?
-42d09c
In base 2, what is -111100001000101101 + -100?
-111100001000110001
In base 11, what is 8 + 478301?
478309
In base 14, what is 37 + -aa90?
-aa57
In base 12, what is a73266 - 5?
a73261
In base 15, what is 2c6e86 + 3?
2c6e89
In base 9, what is -31 - -466526?
466485
In base 5, what is -11144 - 33434340?
-34001034
In base 16, what is b6 - 629e0?
-6292a
In base 9, what is 30 + 2005?
2035
In base 14, what is 4 - 4165416?
-4165412
In base 2, what is -100 + 1100000001000010100110?
1100000001000010100010
In base 3, what is -2101120 + 122110211?
120002021
In base 7, what is -6431 + -65611?
-105342
In base 8, what is 2747512 + 0?
2747512
In base 4, what is -11102 + 2101113300?
2101102132
In base 13, what is -1b - -234aa?
2348c
In base 6, what is 1122540 + 2103?
1125043
In base 2, what is -10100010111 - 1111000001110100?
-1111010110001011
In base 15, what is -1cd72c + 18b?
-1cd591
In base 4, what is 212010131332 + 11?
212010132003
In base 4, what is -211122100 + 1120?
-211120320
In base 10, what is -302241215 + -5?
-302241220
In base 10, what is -13 - 128347?
-128360
In base 5, what is -103203 + 23042?
-30111
In base 10, what is -159 - -85043?
84884
In base 13, what is -2 - 93312a?
-93312c
In base 2, what is -100001010111111011 - -1?
-100001010111111010
In base 13, what is 39c24242 + -3?
39c2423c
In base 12, what is 1946 - -47a?
2204
In base 13, what is -6 + -aa5209?
-aa5212
In base 5, what is -300200223 - -344?
-300144324
In base 11, what is -1580 - 6a9a1?
-71471
In base 16, what is -b - -10999f?
109994
In base 9, what is 3584576 + 7?
3584584
In base 7, what is 362504 - 331?
362143
In base 4, what is -2320 + -13110323?
-13113303
In base 7, what is 32 - 5130303?
-5130241
In base 7, what is -2461531056 - -1?
-2461531055
In base 16, what is -3c72c0d - 3?
-3c72c10
In base 6, what is -12414353 + -425?
-12415222
In base 9, what is 7856783 - 6?
7856776
In base 8, what is -5 - 2036127114?
-2036127121
In base 6, what is -15 - -1201425413?
1201425354
In base 12, what is -1bb06 - -136?
-1b990
In base 9, what is -61578808 + -4?
-61578813
In base 15, what is -38ea + 1c21?
-1bc9
In base 7, what is 1440 - -2153302?
2155042
In base 15, what is 6 + -6032c?
-60326
In base 10, what is 0 - -435976?
435976
In base 12, what is -1 + -24747b9?
-24747ba
In base 8, what is -1 - 1241433?
-1241434
In base 8, what is 3 + 63442523?
63442526
In base 13, what is -267b6 + 578?
-2623b
In base 5, what is 10144 - 43241221?
-43231022
In base 9, what is -2028757534 - -1?
-2028757533
In base 8, what is -1 + -17601273?
-17601274
In base 9, what is 8847 + -411?
8436
In base 10, what is 12121149 - -3?
12121152
In base 15, what is 4ee429a + 4?
4ee429e
In base 2, what is -1 + -111111000000011000000?
-111111000000011000001
In base 2, what is 11000001000110100100 + 1010010?
11000001000111110110
In base 12, what is 455a - b44?
3616
In base 16, what is 573c74b - -6?
573c751
In base 4, what is -11 - 330101212010?
-330101212021
In base 13, what is -2c66868c - 3?
-2c668692
In base 2, what is 101111001010111 - 101101001010?
101001100001101
In base 13, what is 46163 + 2b31?
48c94
In base 11, what is -1010590 - 3?
-1010593
In base 8, what is -53 + 56636745?
56636672
In base 5, what is -24222 + -101400?
-131122
In base 14, what is 5 - 3dc72a?
-3dc725
In base 15, what is -74e + d1da?
c98b
In base 7, what is 3 - -410310243?
410310246
In base 16, what is -1b1676ce + -3?
-1b1676d1
In base 10, what is -105 - 1597072?
-1597177
In base 12, what is -1ab90 + -b51?
-1bb21
In base 7, what is -3013 - -122556?
116543
In base 3, what is -2120 + -11212112210120?
-11212112220010
In base 9, what is 31303888 - 28?
31303860
In base 9, what is -4 - 62020864?
-62020868
In base 12, what is 7578319 - -16?
7578333
In base 16, what is e0584d - -d?
e0585a
In base 5, what is -3 - 104222404014?
-104222404022
In base 15, what is 14c9d6a0 - -3?
14c9d6a3
In base 16, what is 3029e5 + -187?
30285e
In base 13, what is -135ba4 + -194?
-136068
In base 15, what is 568 + 10135?
1069d
In base 3, what is 1000 + -12101222100?
-12101221100
In base 12, what is -7512620 - 4?
-7512624
In base 5, what is 1222142 - -100224?
1322421
In base 9, what is -81625261 + 22?
-81625238
In base 7, what is 241 - 45025?
-44454
In base 8, what is -710746 - 53?
-711021
In base 3, what is 12112002002212 + -110?
12112002002102
In base 8, what is 102205552 - 4?
102205546
In base 7, what is -25304205 + 105?
-25304100
In base 5, what is 10 - -21222101001?
21222101011
In base 2, what is 111010 + 10000110100110?
10000111100000
In base 12, what is -b0b15 - -10?
-b0b05
In base 4, what is -2003231 + 33133?
-1310032
In base 7, what is 20 + 6345201?
6345221
In base 4, what is -122 - -1221002122?
1221002000
In base 12, what is 14 - -1508548?
1508560
In base 5, what is 3 - 12104023334?
-12104023331
In base 12, what is 4 + b02779?
b02781
In base 6, what is -4 + 23333354500?
23333354452
In base 15, what is -d1 - -1b0ca?
1aee9
In base 8, what is 117243141 - 3?
117243136
In base 10, what is -3532042 + 7?
-3532035
In base 5, what is -102202 + 143121?
40414
In base 8, what is 470 - 200270?
-177600
In base 3, what is 1 + -22210221012?
-22210221011
In base 4, what is -132 - -322330123010?
322330122212
In base 13, what is -50bc - -596?
-4826
In base 6, what is -15254525 + 11?
-15254514
In base 15, what is -71b0b4c + -2?
-71b0b4e
In base 14, what is 147766 + 16?
14777c
In base 5, what is 10 + -43324311032?
-43324311022
In base 9, what is 16502 + 1363?
17865
In base 12, what is -5269a - 43?
-52721
In base 9, what is -5 - 10820185?
-10820201
In base 10, what is -408037 + -25?
-408062
In base 16, what is 5be3 - 5f?
5b84
In base 9, what is -16 - -871347?
871331
In base 5, what is -10 - 400004342121?
-400004342131
In base 15, what is -28b - 17d2c8?
-17d564
In base 2, what is 1010111001 + -10110110111111110111?
-10110110110100111110
In base 15, what is 122 + -3ad406?
-3ad2d4
In base 3, what is 21222200110 - 1212?
21222121121
In base 11, what is 26 + -226436a?
-2264344
In base 8, what is -12 + 124540605?
124540573
In base 5, what is 10 - -1321443031311?
1321443031321
In base 6, what is -112142213 + 12?
-112142201
In base 10, what is 446 + 931182?
931628
In base 4, what is -3231003132 - 11?
-3231003203
In base 14, what is 241a + 8ba5?
b1c1
In base 5, what is -11241141 + 43102?
-11143034
In base 8, what is -22775432 - -3?
-22775427
In base 7, what is 103 + -5042054?
-5041651
In base 13, what is -9c1c8 + 6?
-9c1c2
In base 8, what is -6 + -104632050?
-104632056
In base 4, what is -1301123 + -113102003?
-121003132
In base 12, what is -2b796 - -1197?
-2a5bb
In base 10, what is 6 - 237350?
-237344
In base 6, what is 0 - -11115